= 11*f - 11. Suppose 9*c + 160 = f*c. Is 36 a factor of c?
False
Let c = 701 - 404. Does 11 divide c?
True
Let s = 9 + -6. Suppose 2*d + 0*v = -5*v + 24, -4 = 4*d - s*v. Suppose -d*f = -5*x - 53, -44 = -2*f - x + 3. Does 8 divide f?
True
Let n be 453/(-4) + 10/40. Let d = 27 - n. Is 35 a factor of d?
True
Let q(r) = -r**3 - 7*r**2 - 7*r + 1. Let x = 97 + -68. Suppose -c + 0*j + j = 9, x = -5*c - 3*j. Is q(c) a multiple of 10?
True
Is 3 a factor of ((-7)/3)/((-153)/(-27) - 6)?
False
Let z = -306 - -966. Is 60 a factor of z?
True
Let z(m) = -151*m + 4 - 7 + 2. Let l be z(-1). Suppose -2*s = s - l. Does 25 divide s?
True
Let k(g) = 2*g**2 - 2*g - 3. Let f(x) = -x**3 + 9*x**2 + x - 6. Let l be f(9). Is k(l) a multiple of 2?
False
Is 16 a factor of (22 + 13473)/((-10)/(-4 + 2))?
False
Is (54/(-15))/(1/(-40)) a multiple of 8?
True
Let v = 15 + -12. Is (-34 + 6/v)*(-5)/4 a multiple of 10?
True
Let o = 407 - 179. Suppose -4*u - 3*t = -304, -4*u + o = -u - 5*t. Does 18 divide u?
False
Let w = 49 + -52. Does 36 divide (-3 + 1025/(-15))*w?
False
Let j(p) = -p**2 + 6*p + 7. Let r be j(5). Let w be (r/(-8))/(5/(-10)). Is (21/6 - w)*26 a multiple of 2?
False
Let p(s) = 3*s**2 - 4*s - 84. Does 2 divide p(-7)?
False
Let d(z) = 2*z**2 - 8*z + 7. Let a(u) = -3*u**2 + 9*u - 8. Let f(v) = -3*a(v) - 4*d(v). Suppose -30 = 3*g - 6. Does 20 divide f(g)?
True
Let n(x) = 1165*x + 24. Is n(1) a multiple of 32?
False
Let m = 6096 + -4230. Does 22 divide m?
False
Suppose -5*q + w + 20 = -3*w, -w = 0. Suppose 44 = -2*f + q*f. Let z = f + 4. Does 11 divide z?
False
Let u(m) = 31*m**2 - 22*m - 73. Is u(-3) a multiple of 23?
False
Let h = 72 - 24. Suppose 0*u + h = u. Is 4 a factor of u?
True
Let a(r) = -3*r**2 - 19*r**3 + 13*r + 15 + 9*r**2 + 9*r**2 + 20*r**3. Is 18 a factor of a(-14)?
False
Suppose 15 = -4*k + r, -4*k + 3*k + 2*r = -5. Let h be 0 - k - 6/3. Suppose -2*a + h*m + 80 = 0, 2*a + 5*m - 53 = 43. Does 9 divide a?
False
Let m be 542/14 + 28/98. Suppose -4*d + m = -d. Is 13 a factor of d?
True
Let f = -24 + 20. Let z(u) = u**3 + 5*u**2 + 5*u + 9. Is 2 a factor of z(f)?
False
Is 44 a factor of (-167)/((-116)/28 - -4)?
False
Suppose 0 = -53*j + 43*j + 3190. Is j a multiple of 11?
True
Suppose 5*w - 11*w + 750 = 0. Suppose 169 - 44 = -5*d + s, -5*s - w = 5*d. Let y = 48 - d. Is y a multiple of 24?
False
Let o be 1 - 1 - (-102 - 0)/(-3). Let m = o - -50. Is 4 a factor of m?
True
Let i = 1398 - 820. Suppose -566 = -4*z + 4*y + 554, 4*y - i = -2*z. Suppose 117 = 5*p - z. Is 20 a factor of p?
True
Let o = -465 - -717. Is 84 a factor of o?
True
Let y be (-3)/(-5) + 32/5. Let f = 1 - y. Is -18*-1*(-2)/f a multiple of 6?
True
Is -2 + (-17)/(-8) - (-33390)/144 a multiple of 8?
True
Let y(u) = -53*u**2 + u + 2. Let b be y(-1). Suppose 90 - 18 = -2*x. Let n = x - b. Does 4 divide n?
True
Let m(b) = -3 - b - 2*b**2 - 27*b**3 - 2 + 6. Does 3 divide m(-1)?
True
Suppose 13990 = 7*a + 3*a. Is a a multiple of 49?
False
Suppose 1423 = 5*k + 2*o, k + 7*o - 295 = 4*o. Does 17 divide k?
False
Let w(q) = -61*q - 301. Is w(-15) a multiple of 102?
False
Let c be 3 + (-1)/(4/(-20)). Let j(y) = y**2 + 10 + 7 - 8 - 7*y. Is 7 a factor of j(c)?
False
Suppose -37*i = 15516 - 51480. Is 162 a factor of i?
True
Suppose -439 = -9*n + 164. Is n a multiple of 5?
False
Suppose -2*f - 5*g - 15 = 0, 0*g + 3 = -g. Suppose 8*o + 5*p - 140 = 4*o, f = o + 3*p - 28. Is o a multiple of 11?
False
Let u = 11 + -8. Suppose -3*r + 4*t + 172 = 2*r, -4*r - u*t = -150. Suppose 0 = -2*k + k + r. Is k a multiple of 18?
True
Suppose -729 = -2*g - 87*q + 90*q, 5*g + 4*q - 1788 = 0. Is g a multiple of 13?
False
Suppose 2*k - 4*k + 4 = 0. Suppose 69 = k*f - 45. Let i = -36 + f. Is i a multiple of 7?
True
Suppose 3*l + 0*l + 2*u - 950 = 0, -4*u = 8. Let g = l - 1056. Does 24 divide g/(-10) - (-17)/85?
False
Suppose 2*k - 3*r + 0*r = -2, -4*r = k - 10. Suppose -2*g - 3*i = -2 - 11, -k*i = g - 8. Suppose 0*t + 5*t - 400 = 5*z, g*z + 10 = 0. Is 25 a factor of t?
True
Suppose -5*u + 164 = -u. Let a = u + -1. Is a a multiple of 20?
True
Let a be (4 - 1)/((-54)/(-198)). Suppose -a*s + 156 = -86. Does 7 divide s?
False
Let b(q) = 5*q - 19. Let s be b(14). Let g = -12 + s. Is g a multiple of 39?
True
Let c(v) = -4*v + 3*v - 10 + 5*v - 7. Is 23 a factor of c(10)?
True
Let h(k) = 13*k. Let p be h(-6). Let t = p - -131. Let j = t + -21. Does 16 divide j?
True
Let c = 1683 - 1411. Is c a multiple of 2?
True
Let p be 1 + -4 + -1 + 4. Suppose n + p*n + 1 = 0. Let v = 7 + n. Is v a multiple of 2?
True
Is 27 a factor of (2701/7 + -2)/((-4)/(-28))?
False
Let m(j) be the second derivative of 0 - 2*j - 3*j**2 + 1/12*j**4 - 5/6*j**3. Does 6 divide m(7)?
False
Suppose -753 = -26*d + 1041. Is 12 a factor of d?
False
Let k(d) = 0 - 14*d - 3 - 10. Is 17 a factor of k(-4)?
False
Let a = 801 + -741. Is 15 a factor of a?
True
Let u(t) = 36*t**2 - 19*t + 7. Does 14 divide u(-7)?
True
Suppose 0 = -5*i - 2 - 28. Let k(r) = -r + 12. Is k(i) a multiple of 9?
True
Let l = 18 + -10. Suppose -3*d = -4*m + 11, -2*m + 5*d = -1 - l. Suppose -44 = -y - m. Is y a multiple of 13?
False
Let x = -359 - -94. Let m = -141 - x. Is m a multiple of 26?
False
Let q(m) = 2*m**2 - 4*m + 2. Let k be q(2). Let f be 43/5 + k/5. Let c = -3 + f. Does 3 divide c?
True
Let r(c) = -3*c + 4. Let x be r(4). Let j = -12 - x. Let g = 22 - j. Is 13 a factor of g?
True
Suppose 5*d = -2*c + 2068, -3*c - 408 = -d - 2*c. Suppose d = 5*g - 2*n, 3*g + n - 260 = -n. Does 12 divide g?
True
Let a be (2 - 2 - 3/1)*-37. Suppose 0 = -3*v + a + 282. Is v a multiple of 20?
False
Suppose -4*n + 6 - 27 = -w, -3*w = n + 15. Let i(j) = -3*j - 10. Is 2 a factor of i(n)?
True
Suppose -12*r - 4 = -14*r. Suppose -4*n + 298 = -2*y, 2*y - 405 = -5*n - r*y. Is n a multiple of 4?
False
Let o(g) = 11*g. Suppose 54 - 210 = 2*i - 2*x, x + 78 = -i. Let v be 3/(-15) - i/15. Does 22 divide o(v)?
False
Let o(p) = p**3 + p + 4. Let w be o(0). Let z be (3 - -2 - w) + 68. Suppose x = 4*v - 7*v + 43, 5*v + x = z. Is v a multiple of 4?
False
Let h = -95 - -225. Let c = h - 90. Does 8 divide c?
True
Suppose -363*p - 3132 = -366*p. Is 61 a factor of p?
False
Let x(n) = -254*n - 87. Is 17 a factor of x(-4)?
False
Let w(m) = 12*m**2 + 15*m + 38. Is w(-10) a multiple of 32?
True
Let x(g) be the second derivative of -g**3/3 + 10*g**2 + 38*g. Is x(-12) a multiple of 16?
False
Suppose -7*t + 840 = 3*t. Is t a multiple of 5?
False
Suppose -3*l + 2*b = 200, -b = 2*l + 70 + 61. Is 4 a factor of l/(-15) - (-3)/5?
False
Let v = 55 + 231. Does 13 divide v?
True
Suppose -2 = -r + 4*y - 0, 3*r - 3*y = 6. Suppose -r*z = -5*t + 83, 13 = t - 5*z - 22. Is 3 a factor of t?
True
Let h be (6 + -2)/((-1)/26). Let c = 74 + h. Let j = 14 - c. Does 13 divide j?
False
Suppose p = 2*a + 86 + 18, -5*p + 3*a + 548 = 0. Is p a multiple of 11?
False
Does 13 divide -1*56*3/(12/(-26))?
True
Let f(x) = 2*x - 4. Let c be f(4). Let n(r) = -r**3 + 11*r**2 + 27*r + 5. Let l be n(13). Let p = c + l. Is p a multiple of 11?
True
Suppose -11*g = -10*g - 16. Let r(x) = x**3 - 16*x**2 + 3*x - 9. Is r(g) a multiple of 16?
False
Let o(f) = -f**3 + 27*f**2 + 25*f + 83. Let r be o(28). Let k be 34*1/2 + -2. Is (-1*(r + k))/(-1) a multiple of 14?
True
Suppose 3 = -n + 2. Is n/(3 - (-120)/(-39)) a multiple of 6?
False
Let p be (0 + 6)*(-12)/(-24). Suppose 0 = -3*d + p*n + 21, 4*d + 4*n + n = 10. Suppose -j + 6*j + d*a = 125, 76 = 3*j + 2*a. Does 13 divide j?
True
Let n(g) be the second derivative of g**3/3 + 17*g**2 + 50*g. Is n(7) a multiple of 16?
True
Suppose 6*h = 3*h + 6. Suppose -h*p + 2 = -3*a, 13 = a + 3*p - 1. Suppose 0 = -a*y - 2*y + 128. Is y a multiple of 8?
True
Suppose h - 220 = -74. Is h a multiple of 31?
False
Suppose -5*r + 1000 = -3*q, -q + 1087 = 5*r + 67. Is r a multiple of 29?
True
Suppose -6*o = -10*o + 480. Suppose 8 = -y + o. Does 28 divide y?
True
Suppose -14574 + 51472 = 38*t. Is 11 a factor of t?
False
Let c(p) = 170*p**2 + 10*p + 22. Is c(-2) a multiple of 11?
True
Let p(y) = -y**3 + 5*y**2 - 4*y - 1. Let s be p(3). Suppose -n + 17 = s. Let r(f) = 4*f - 12. Does 10 divide r(n)?
False
Suppose 21*y + 15360 = 37*y. Does 60 divide y?
True
Suppose -100*q + 97*q - x = -1847, 2*q = -4*x + 1228. Is q a multiple of 44?
True
Let w = -274 - -643. Is w a m